11?
3082635
In base 8, what is 1 + -47657616?
-47657615
In base 8, what is -5644 - 60?
-5724
In base 11, what is -2 + 3736a62?
3736a60
In base 4, what is -1103221210 - 1123?
-1103222333
In base 6, what is -103023 + 404?
-102215
In base 13, what is 2863a9 + c?
2863b8
In base 6, what is 13555 + 3054431?
3112430
In base 9, what is -556801 + 706?
-556084
In base 13, what is 38 + 3176a?
317a5
In base 6, what is -134231113022 + 4?
-134231113014
In base 16, what is 8 + -7ed1?
-7ec9
In base 11, what is 45a + 2601?
2a60
In base 3, what is -2200100 + -20110100?
-100010200
In base 8, what is -12 - -7756530?
7756516
In base 5, what is -302213200 + -31?
-302213231
In base 4, what is 20 + -101131322111?
-101131322031
In base 8, what is -102332 + 5323?
-75007
In base 3, what is 1010221 - 1021122?
-10201
In base 4, what is 12102011 + -112?
12101233
In base 7, what is -14 + 3635334?
3635320
In base 2, what is 1110 + 110001000100011110101?
110001000100100000011
In base 2, what is -110100010001 + -10110110100000?
-11101010110001
In base 9, what is 1317 + -144557?
-143240
In base 14, what is -1a8caa3 - -1c?
-1a8ca85
In base 8, what is -20 + 4165443?
4165423
In base 11, what is -109527 - a?
-109536
In base 7, what is 1455 + -63563?
-62105
In base 8, what is -3552 - 1315203?
-1320755
In base 9, what is 317 - -45132?
45450
In base 5, what is 2234 - -404214231?
404222020
In base 12, what is 769548 + 8?
769554
In base 7, what is 3 - -2012545345?
2012545351
In base 5, what is 2111103 - -12?
2111120
In base 12, what is 23921 + 1048?
24969
In base 11, what is 1111a651 + -8?
1111a644
In base 4, what is -1021101 + -12220?
-1033321
In base 12, what is -1375a - -19bb?
-1195b
In base 12, what is -b7 - -10977?
10880
In base 6, what is -24505051 - -133?
-24504514
In base 15, what is -5 + -881dc9?
-881dce
In base 11, what is -64 - 3258434?
-3258498
In base 6, what is -1134 + -122240415?
-122241553
In base 10, what is -8056 - 4108?
-12164
In base 12, what is -2431b2 - -4b?
-243163
In base 6, what is 55335205 + 30?
55335235
In base 3, what is -1002202 + -202012202122?
-202020212101
In base 5, what is -2123 - 332311022?
-332313200
In base 3, what is 11 - -220122102022?
220122102110
In base 2, what is -101110100010110010 + 10101000111?
-101110001101101011
In base 4, what is 10011222302 + 12?
10011222320
In base 3, what is 102 - 2021220120012012?
-2021220120011210
In base 14, what is a + -59443?
-59437
In base 3, what is 2101001102 + 12202?
2101021011
In base 16, what is -453025 - 158?
-45317d
In base 5, what is -41221 + -3123?
-44344
In base 16, what is 20 + 1f88f?
1f8af
In base 12, what is 3 - 46794481?
-4679447a
In base 14, what is -141412a1 + 1?
-141412a0
In base 14, what is -5983059 + 4?
-5983055
In base 15, what is a6892 + 88?
a692a
In base 5, what is 23322 + -11133124?
-11104302
In base 9, what is 3158 - 6768?
-3610
In base 11, what is 1549a1 - -11a?
155010
In base 11, what is 17160 - -13011?
2a171
In base 8, what is 54100 - -1433?
55533
In base 9, what is 5 - 18282134?
-18282128
In base 8, what is -11257 + 221133?
207654
In base 8, what is 2 - -402233024?
402233026
In base 12, what is -3 + -381510?
-381513
In base 8, what is -1424742402 - -4?
-1424742376
In base 10, what is 3 + 12609565?
12609568
In base 10, what is 3 + 113021451?
113021454
In base 8, what is -2273714 - -43?
-2273651
In base 7, what is 20023441 + -6?
20023432
In base 2, what is -1101011111100100011110 - 10?
-1101011111100100100000
In base 14, what is -6418 - 7a2?
-6bba
In base 4, what is 3113022311 - -3?
3113022320
In base 9, what is 1255 + 2438?
3704
In base 9, what is -4660576 - -66?
-4660510
In base 4, what is -12100333021 + 3?
-12100333012
In base 6, what is -5533542241 + 4?
-5533542233
In base 12, what is 7744949 + 0?
7744949
In base 13, what is -44a57 - b5?
-44b3c
In base 10, what is 0 - 31022958?
-31022958
In base 3, what is 1200001210021 + -101002?
1200001102012
In base 6, what is -10400111022 - -5?
-10400111013
In base 5, what is 210130424004 - -10?
210130424014
In base 7, what is 11454614 - 1033?
11453551
In base 3, what is 201102110002102012 - 1?
201102110002102011
In base 3, what is 12 + -121120000221002?
-121120000220220
In base 7, what is 233516 - 1231?
232255
In base 11, what is -195a + -71081?
-72a30
In base 5, what is 2431204211 - 0?
2431204211
In base 11, what is 21969 + 10a6?
22a64
In base 12, what is -23024 + -1a6?
-2320a
In base 15, what is -26315 + 696?
-25b6e
In base 15, what is -202a07 - -75?
-202982
In base 2, what is -10 - 10010000111100100011111?
-10010000111100100100001
In base 2, what is 101000000100000101101000 - 11?
101000000100000101100101
In base 12, what is 11 + -270148?
-270137
In base 11, what is 6798480 - 4?
6798477
In base 8, what is -5 + 541257015?
541257010
In base 11, what is 2a76 - 1074?
1a02
In base 6, what is 31 - 1323431?
-1323400
In base 5, what is -121 + -1103343201?
-1103343322
In base 15, what is -206 + 2bd5?
29ce
In base 14, what is -2003 - 89b?
-28a0
In base 16, what is -af4bba + 4?
-af4bb6
In base 12, what is -1480b82 - a?
-1480b90
In base 3, what is -122101212002 + -100222?
-122102020001
In base 12, what is 219 - -2516b?
25388
In base 9, what is -618228 - 231?
-618460
In base 5, what is 103403014320 - -4?
103403014324
In base 15, what is 548a51 - 11?
548a40
In base 3, what is -1201202020 + 101?
-1201201212
In base 13, what is -10 - -190186?
190176
In base 14, what is -7c2abdc - -6?
-7c2abd6
In base 12, what is 31a - -262a3?
26601
In base 9, what is 41 - -2273151?
2273202
In base 15, what is 6e + a5d?
acc
In base 9, what is 584 - 206422?
-205727
In base 16, what is -22e8 - 95b?
-2c43
In base 15, what is -2 - -28508?
28506
In base 4, what is 220222010 - 101?
220221303
In base 9, what is 12 - -828140?
828152
In base 2, what is 10011111001010001011 + -1111?
10011111001001111100
In base 16, what is a3 - 12a753?
-12a6b0
In base 12, what is 5 - -1298119?
1298122
In base 2, what is -1100 - 1011001110000001101?
-1011001110000011001
In base 10, what is -321294 - -5?
-321289
In base 12, what is -1 - 9965635?
-9965636
In base 16, what is -103ee + -6b3?
-10aa1
In base 15, what is -b - 427b8?
-427c4
In base 11, what is -24532 + -4059?
-28590
In base 2, what is 100001001110 - -110101100?
100111111010
In base 4, what is 20 + -213323120030?
-213323120010
In base 3, what is -111001111200 + 2002?
-111001102121
In base 16, what is 14 - -216eba?
216ece
In base 5, what is 1014141 - 13302?
1000334
In base 12, what is -62781 - -1436?
-61347
In base 12, what is 632 - 3a72?
-3440
In base 14, what is 2a14 + 1bb3?
47c7
In base 2, what is -101010001101000101000 + -11101101?
-101010001101100010101
In base 16, what is 54 - -9f4e5?
9f539
In base 11, what is 22 - 478690?
-478669
In base 10, what is -4 + -1122880?
-1122884
In base 2, what is 100010110100100011111 - 101101?
100010110100011110010
In base 10, what is -1468532 - 3?
-1468535
In base 5, what is -3 - -2022231031?
2022231023
In base 6, what is 1220443 + -33023?
1143420
In base 10, what is -295915 - 1070?
-296985
In base 13, what is 8a0 - -a70?
1640
In base 4, what is -130132012001 - -1?
-130132012000
In base 9, what is -856 + 388183?
387226
In base 5, what is 104031334140 - 21?
104031334114
In base 2, what is -1110101110 + -110100000100?
-1000010110010
In base 10, what is 8283 - -18579?
26862
In base 14, what is -3 + -209247?
-20924a
In base 9, what is -25130 + -17855?
-44085
In base 10, what is 10 - 71001?
-70991
In base 13, what is -6b2a7 - -36?
-6b271
In base 15, what is -d9 - -9a27?
993d
In base 8, what is 2 - 252574065?
-252574063
In base 4, what is 20330 + -10310001?
-10223011
In base 16, what is -183 - c7e?
-e01
In base 12, what is 131 + 80130?
80261
In base 4, what is -110 + 11210203101?
11210202331
In base 15, what is -5 + -4e24a1?
-4e24a6
In base 6, what is -3332413 + 4524?
-3323445
In base 15, what is -5 - -a605351?
a60534b
In base 12, what is 475627 + -18?
47560b
In base 5, what is 2320 + -202141330?
-202134010
In base 9, what is -12 - -1285660?
1285647
In base 15, what is 19 + -a8d7?
-a8bd
In base 16, what is -796 + -86?
-81c
In base 10, what is 24279323 - -9?
24279332
In base 9, what is 13408150 - -6?
13408156
In base 9, what is 14824 + -414?
14410
In base 7, what is -355421 - -526?
-354562
In base 5, what is 221